the highest common divisor of t and 1.
1
Let l(v) = 2*v**2 - 5*v + 12. Suppose -2*w - w + 24 = 3*o, 3*o + 5*w - 20 = 0. Let i be l(o). What is the highest common factor of 18 and i?
18
Let j be 2/(-10) + 156/(-20). Let l be (2 - j/(-5))*-125. Let o be l/(-4) - (-2)/4. Calculate the greatest common divisor of 117 and o.
13
Let y be ((-18)/9)/((-2)/24). What is the greatest common divisor of y and 216?
24
Suppose 3*b + 6 - 3 = 0. Let r be 46/8 - b/4. Calculate the greatest common divisor of 2 and r.
2
Let y = -127 + 144. Calculate the highest common factor of y and 272.
17
Let c(g) = -12*g - 4. Let h be c(-6). Suppose m + 2 = 2*m. Suppose -2*p = -4*d - 6*p + 64, -5*p = -m*d + 39. Calculate the greatest common factor of h and d.
17
Suppose 245 = 8*z - 7*z. Let j = -149 + z. Calculate the greatest common factor of j and 24.
24
Let r = -87 + 191. Calculate the highest common factor of 13 and r.
13
Suppose -6*c + 715 = -c. Suppose 5*q - 77 = -4*d + c, 2*d - 110 = 2*q. Let f = 11 + 11. What is the highest common factor of f and d?
11
Let r be (11/3 + -4)*-75. Calculate the greatest common divisor of r and 200.
25
Suppose -5*r + 8 = 5*i + 33, -i - 5 = -2*r. Suppose -4*c + 120 = -r*c. What is the greatest common divisor of c and 6?
6
Suppose -12 = -s - 2*s. Let a be s/(-6)*33/(-2). Let m be 97/11 + 2/a. Calculate the highest common factor of m and 6.
3
Let p be -1 + (0 - -2)/(26/481). What is the highest common divisor of 198 and p?
18
Suppose 12 = 3*s, 3*z - s = 2*s + 513. What is the greatest common divisor of 25 and z?
25
Suppose -10 = v - 6*v. What is the greatest common factor of 18 and v?
2
Suppose 9*o = 13 + 113. What is the greatest common divisor of o and 7?
7
Suppose f + 10 = 5*z - 4*f, -3*f = z - 6. What is the highest common divisor of 2 and z?
1
Let a(w) = 7*w**3 + 3*w**2 + 3*w - 2. Let u be a(3). Let x = u + -133. Calculate the highest common divisor of 10 and x.
10
Let w be 0 + (-1)/2 + (-170)/(-20). What is the highest common divisor of 8 and w?
8
Let g be 2 - 1*(-109 - 1). Let j be 165/10 - (-2)/(-4). Calculate the highest common factor of g and j.
16
Let q(p) = p**3 - 8*p**2 + 6*p + 9. Let g be q(7). Let n be g*3 + 1 + -1. Let y be 175/15 + (-1)/(-3). Calculate the highest common factor of n and y.
6
Suppose 2*j = -2*f + 4*f + 18, -4*f = 16. What is the highest common factor of 45 and j?
5
Let r be (-2)/(-8) + (-105)/4. Let i be 0/1 - 1*r. Let w be (i/4)/(1/2). What is the greatest common divisor of 143 and w?
13
Let m(d) = -2*d**3 + 2*d**2 - d. Let z be m(2). Let p(l) = l**2 + 10*l + 13. Let s be p(z). What is the highest common divisor of s and 39?
13
Let p be -1 + (-1)/(1/(-10)). Let c be 16/(-24) + 38/(-6). Let r(z) = z**2 + 4*z - 12. Let v be r(c). What is the highest common factor of p and v?
9
Let w be 6*((-5)/(-2))/5. Let o be (5 - 2)/(1*w). Suppose -c = -2*d - 5*c + 6, -4*d + c = -12. Calculate the greatest common factor of o and d.
1
Let q(m) be the first derivative of m**2/2 - m - 3. Let a be q(3). What is the highest common divisor of 14 and a?
2
Let a = -7 - -15. Let g be 3 - 3 - 74/(-1). Let b = 138 - g. Calculate the greatest common factor of a and b.
8
Suppose -4*j = -0*j - 12. Suppose -l - j*l = -216. Suppose -d = 2*d - l. What is the greatest common factor of 6 and d?
6
Let l(y) = y + 1. Let x(c) = -3*c + 10. Let j(g) = -6*l(g) + x(g). Let m be j(6). Let o be m/(-15)*1*3. What is the highest common divisor of o and 70?
10
Suppose -d = 2*i + 3, -3*d - 2*d + 9 = 4*i. Calculate the highest common factor of 160 and d.
5
Let h(s) = s**3 + 6*s**2 - 2*s - 6. Let g be h(-6). Calculate the highest common divisor of g and 54.
6
Let a = 4 - 5. Let k be -2 + 3 - a/(-1). Let z be (k - -1)/(4/68). What is the greatest common divisor of z and 153?
17
Suppose -2*c = -9 + 1. Suppose -c*g - 3*h = -208, -5*h - 36 = 2*g - 126. What is the highest common factor of 11 and g?
11
Suppose 0 = -6*x + 8*x - 8. Suppose 0 = 2*t - x*t + 6. Suppose 5*f - t - 7 = -2*a, -3*a = 4*f - 1. What is the greatest common factor of f and 36?
4
Let y = -48 - -76. Suppose -6*p + 8 = -4*p, 3*r = 2*p + y. Suppose 0 = 3*n - r, 50 - 334 = -4*d + n. Calculate the greatest common factor of d and 9.
9
Let j = -83 + 143. What is the greatest common factor of j and 15?
15
Suppose -3*k - 8 = -2. Let u = 46 - k. Suppose -8*q + 77 = 29. What is the greatest common divisor of u and q?
6
Let b be (-2)/(-10) - 164/20. Let u(c) = -2 - 6*c + 2*c + 3*c. Let z be u(b). Calculate the highest common divisor of z and 3.
3
Suppose 4*l + 7 = 11*l. What is the greatest common factor of 8 and l?
1
Let u(l) = -l**2 - 4*l - 3. Let g be u(-2). Suppose 0 = -19*a + 22*a + 51. Let q = g - a. What is the highest common divisor of 54 and q?
18
Let t be 7/1 + (-4 - -8). Calculate the greatest common divisor of t and 66.
11
Suppose 3*x = 7 + 29. What is the greatest common factor of 84 and x?
12
Let g(r) = 2*r**3 + 2*r**2 - r + 1. Let p be g(2). Calculate the greatest common factor of p and 161.
23
Let o = 28 + -15. Let f = 149 + o. Calculate the highest common factor of 18 and f.
18
Let w(s) = s**3 + 4*s**2 - 2*s + 3. Let o = 5 + -3. Suppose o*h + 14 = 4*p, -5*h + 2 = 2*p + 1. Let z be w(p). What is the highest common divisor of z and 15?
15
Let s(g) = g - 3. Let a be s(6). Let n be ((-4)/(-6))/(a/(-9)). Let x be 12/n*2/(-6). What is the greatest common divisor of 5 and x?
1
Suppose -8 + 92 = 7*f. Calculate the greatest common factor of f and 12.
12
Let k(g) = g**3 - 8*g**2 + 1. Let y = -7 + 15. Let q be k(y). Suppose 0 = -4*c + 11 + q. What is the highest common divisor of c and 2?
1
Let d(a) = -3*a + 13. Let c be d(6). Let f = c - -11. Calculate the greatest common factor of 54 and f.
6
Let n = -5 - -8. Suppose 29 = 3*c - 0*s + 4*s, n*c - 33 = -3*s. Let v be (-2306)/(-14) - 2/(-7). What is the highest common divisor of v and c?
15
Let p(n) = -n**2 - 6*n + 3. Let f be p(-6). Suppose -89 - 58 = -7*k. Calculate the greatest common divisor of f and k.
3
Let o = -28 - -24. Let m be (-52)/o - 0/(-3). What is the greatest common factor of m and 26?
13
Let q = -14 + 29. What is the highest common divisor of q and 6?
3
Let o(g) = -g**2 + 14*g + 10. Let w be o(14). Let i = 6 + 4. Calculate the highest common divisor of i and w.
10
Let a = -27 - -40. What is the highest common divisor of 65 and a?
13
Let h = 24 - 13. What is the greatest common factor of 99 and h?
11
Suppose 3*c + c = -4*m - 500, -m + 379 = -3*c. Let j be (c/(-8))/(2/8). Calculate the highest common factor of j and 7.
7
Let t = -16 - -64. Let z = -13 + 26. Let a = -7 + z. Calculate the highest common divisor of t and a.
6
Suppose -17 = -d - 3*a, 4*d + 0*a - 8 = 3*a. Let w be 99/15 + 2/d. Let k be 6/11 + 71/11. Calculate the highest common divisor of w and k.
7
Suppose 4*s - s = 210. Let i = 23 - -5. What is the highest common factor of s and i?
14
Let j = 46 - 22. What is the greatest common divisor of j and 12?
12
Suppose -718 = -6*r + 866. Calculate the highest common divisor of r and 33.
33
Let b be (-24 + -1)*(-2)/5. Let z(v) = 17*v - 36. Let l be z(3). What is the greatest common divisor of b and l?
5
Let g(s) be the second derivative of -s**4/6 + 2*s**3/3 + s**2/2 - 4*s. Let a be g(3). Let t = -1 - a. Calculate the greatest common divisor of t and 8.
4
Let x be (3/(-3))/(1/(-91)). Suppose x = 4*o - 9. Suppose 30 = 3*g - 0. Calculate the greatest common factor of o and g.
5
Suppose 2*u + u - 48 = 0. What is the greatest common factor of u and 4?
4
Let p = 13 + 15. Calculate the highest common factor of 7 and p.
7
Suppose 0 = 2*f + 3*f - 55. Calculate the greatest common divisor of 11 and f.
11
Suppose o - 4*o + 30 = 0. What is the greatest common divisor of o and 80?
10
Let a(v) = v**2 + 4*v + 4. Let o be a(-5). What is the greatest common factor of 9 and o?
9
Let r(v) = 4*v**2 - 5*v - 6. Suppose y - 30 = -4*y. Let t be r(y). Calculate the highest common divisor of t and 12.
12
Let f = -44 + 88. Calculate the greatest common divisor of 110 and f.
22
Suppose 0 = 4*i - 12. Suppose -z + 0*z = i. Let a(t) = -t**3 - 3*t**2 - 4*t - 1. Let h be a(z). What is the highest common factor of 1 and h?
1
Let c = -1 + 3. Suppose -c*m + 0*m = 0. Suppose -5*x + 25 + 125 = m. What is the greatest common divisor of 12 and x?
6
Suppose -180 = -2*